{"id":33,"date":"2026-03-23T18:46:50","date_gmt":"2026-03-23T18:46:50","guid":{"rendered":"https:\/\/www.klosterkirche-frauenaurach.de\/?page_id=33"},"modified":"2026-03-23T18:54:29","modified_gmt":"2026-03-23T18:54:29","slug":"projekte","status":"publish","type":"page","link":"https:\/\/www.klosterkirche-frauenaurach.de\/index.php\/projekte\/","title":{"rendered":"Projekte"},"content":{"rendered":"\n<h2 class=\"wp-block-heading\">Zur Erhaltung und Versch\u00f6nerung unserer Kirche gab es im Laufe der letzten Jahre folgende Projekte.<\/h2>\n\n\n\n<p><\/p>\n\n\n\n<h3 class=\"wp-block-heading\">Kirchenportal<\/h3>\n\n\n\n<figure class=\"wp-block-gallery has-nested-images columns-default is-cropped wp-block-gallery-1 is-layout-flex wp-block-gallery-is-layout-flex\">\n<figure class=\"wp-block-image size-large\"><img loading=\"lazy\" decoding=\"async\" width=\"1024\" height=\"768\" data-id=\"36\" src=\"https:\/\/www.klosterkirche-frauenaurach.de\/wp-content\/uploads\/2026\/03\/klosterkirche-frauenaurach-portal-1920-1024x768.jpg\" alt=\"\" class=\"wp-image-36\" srcset=\"https:\/\/www.klosterkirche-frauenaurach.de\/wp-content\/uploads\/2026\/03\/klosterkirche-frauenaurach-portal-1920-1024x768.jpg 1024w, https:\/\/www.klosterkirche-frauenaurach.de\/wp-content\/uploads\/2026\/03\/klosterkirche-frauenaurach-portal-1920-300x225.jpg 300w, https:\/\/www.klosterkirche-frauenaurach.de\/wp-content\/uploads\/2026\/03\/klosterkirche-frauenaurach-portal-1920-768x576.jpg 768w, https:\/\/www.klosterkirche-frauenaurach.de\/wp-content\/uploads\/2026\/03\/klosterkirche-frauenaurach-portal-1920-1536x1152.jpg 1536w, https:\/\/www.klosterkirche-frauenaurach.de\/wp-content\/uploads\/2026\/03\/klosterkirche-frauenaurach-portal-1920.jpg 1920w\" sizes=\"auto, (max-width: 706px) 89vw, (max-width: 767px) 82vw, 740px\" \/><\/figure>\n<\/figure>\n\n\n\n<p>Renovierung und Konservierung des durch Umwelteinfl\u00fcsse stark verwitterten romanischen Kirchenportals<\/p>\n\n\n\n<p><\/p>\n\n\n\n<p><\/p>\n\n\n\n<h3 class=\"wp-block-heading\">Kronleuchter<\/h3>\n\n\n\n<figure class=\"wp-block-gallery has-nested-images columns-default is-cropped wp-block-gallery-2 is-layout-flex wp-block-gallery-is-layout-flex\">\n<figure class=\"wp-block-image size-large\"><img loading=\"lazy\" decoding=\"async\" width=\"1024\" height=\"768\" data-id=\"40\" src=\"https:\/\/www.klosterkirche-frauenaurach.de\/wp-content\/uploads\/2026\/03\/klosterkirche-frauenaurach-kronleuchter-1920-1024x768.jpg\" alt=\"\" class=\"wp-image-40\" srcset=\"https:\/\/www.klosterkirche-frauenaurach.de\/wp-content\/uploads\/2026\/03\/klosterkirche-frauenaurach-kronleuchter-1920-1024x768.jpg 1024w, https:\/\/www.klosterkirche-frauenaurach.de\/wp-content\/uploads\/2026\/03\/klosterkirche-frauenaurach-kronleuchter-1920-300x225.jpg 300w, https:\/\/www.klosterkirche-frauenaurach.de\/wp-content\/uploads\/2026\/03\/klosterkirche-frauenaurach-kronleuchter-1920-768x576.jpg 768w, https:\/\/www.klosterkirche-frauenaurach.de\/wp-content\/uploads\/2026\/03\/klosterkirche-frauenaurach-kronleuchter-1920-1536x1152.jpg 1536w, https:\/\/www.klosterkirche-frauenaurach.de\/wp-content\/uploads\/2026\/03\/klosterkirche-frauenaurach-kronleuchter-1920.jpg 1920w\" sizes=\"auto, (max-width: 706px) 89vw, (max-width: 767px) 82vw, 740px\" \/><\/figure>\n<\/figure>\n\n\n\n<p>Anschaffung und Anbringen eines Kronleuchters nach einem Bild des 1704 gestifteten und leider sp\u00e4ter abhanden gekommenen.<\/p>\n\n\n\n<p><\/p>\n\n\n\n<p><\/p>\n\n\n\n<h3 class=\"wp-block-heading\">Anlegen des kleinen Apotheker-Klostergartens<\/h3>\n\n\n\n<figure class=\"wp-block-gallery has-nested-images columns-default is-cropped wp-block-gallery-3 is-layout-flex wp-block-gallery-is-layout-flex\">\n<figure class=\"wp-block-image size-large\"><img loading=\"lazy\" decoding=\"async\" width=\"1024\" height=\"768\" data-id=\"42\" src=\"https:\/\/www.klosterkirche-frauenaurach.de\/wp-content\/uploads\/2026\/03\/klosterkirche-frauenaurach-apothekergarten-1920-1024x768.jpg\" alt=\"\" class=\"wp-image-42\" srcset=\"https:\/\/www.klosterkirche-frauenaurach.de\/wp-content\/uploads\/2026\/03\/klosterkirche-frauenaurach-apothekergarten-1920-1024x768.jpg 1024w, https:\/\/www.klosterkirche-frauenaurach.de\/wp-content\/uploads\/2026\/03\/klosterkirche-frauenaurach-apothekergarten-1920-300x225.jpg 300w, https:\/\/www.klosterkirche-frauenaurach.de\/wp-content\/uploads\/2026\/03\/klosterkirche-frauenaurach-apothekergarten-1920-768x576.jpg 768w, https:\/\/www.klosterkirche-frauenaurach.de\/wp-content\/uploads\/2026\/03\/klosterkirche-frauenaurach-apothekergarten-1920-1536x1152.jpg 1536w, https:\/\/www.klosterkirche-frauenaurach.de\/wp-content\/uploads\/2026\/03\/klosterkirche-frauenaurach-apothekergarten-1920.jpg 1920w\" sizes=\"auto, (max-width: 706px) 89vw, (max-width: 767px) 82vw, 740px\" \/><\/figure>\n<\/figure>\n\n\n\n<p>Dank einer Initiative des F\u00f6rdervereins wurde im Jahre 2004 ein kleiner Apotheker-Klostergarten nach historischem Vorbild angelegt. Die Gestalterin des Gartens, Brigitte M\u00fcller von der &#8218;monya-landschaftsplanung&#8216;, legte dabei gro\u00dfen Wert auf die Symbolik. So versinnbildlicht zum Beispiel das gro\u00dfe Oval, das allsehende Auge Gottes. Die Seitenzweige stellen die verschlungenen Wege der Menschen dar. Rund 60 verschiedene Heilkr\u00e4uter und Pflanzenarten warten hier, um von den Besuchern erkundet werden zu k\u00f6nnen.<\/p>\n\n\n\n<p><\/p>\n\n\n\n<h3 class=\"wp-block-heading\">Weitere Projekte des F\u00f6rdervereins:<\/h3>\n\n\n\n<ul class=\"wp-block-list\">\n<li>Renovierung der Sakristei, W\u00e4nde verputzt und gestrichen, Schr\u00e4nke gestrichen.<\/li>\n\n\n\n<li>Entr\u00fcmpelung des Kirchenturms<\/li>\n\n\n\n<li>Erneuerung der Jahrestafel<\/li>\n\n\n\n<li>Ausbesserung und Streichen der Nordwand-Innenseite<\/li>\n\n\n\n<li>Reinigung der Bodentennen<\/li>\n\n\n\n<li>Anbringung einer Schutzbr\u00fcstung am Kirchturmkorb<\/li>\n\n\n\n<li>Anl\u00e4sslich eines 60. Geburtags wurden zur Versch\u00f6nerung der Kirche die Kosten f\u00fcr den Chorteppich und dessen Verlegung gespendet.<\/li>\n\n\n\n<li>J\u00e4hrlicher Kirchenputz<\/li>\n\n\n\n<li>Einrichtung eines Tresors zur Unterbringung der sakralen Gegenst\u00e4nde<\/li>\n<\/ul>\n","protected":false},"excerpt":{"rendered":"<p>Zur Erhaltung und Versch\u00f6nerung unserer Kirche gab es im Laufe der letzten Jahre folgende Projekte. Kirchenportal Renovierung und Konservierung des durch Umwelteinfl\u00fcsse stark verwitterten romanischen Kirchenportals Kronleuchter Anschaffung und Anbringen eines Kronleuchters nach einem Bild des 1704 gestifteten und leider sp\u00e4ter abhanden gekommenen. Anlegen des kleinen Apotheker-Klostergartens Dank einer Initiative des F\u00f6rdervereins wurde im Jahre &hellip; <\/p>\n<p class=\"link-more\"><a href=\"https:\/\/www.klosterkirche-frauenaurach.de\/index.php\/projekte\/\" class=\"more-link\"><span class=\"screen-reader-text\">\u201eProjekte\u201c <\/span>weiterlesen<\/a><\/p>\n","protected":false},"author":1,"featured_media":0,"parent":0,"menu_order":0,"comment_status":"closed","ping_status":"closed","template":"","meta":{"footnotes":""},"class_list":["post-33","page","type-page","status-publish","hentry"],"yoast_head":"<!-- This site is optimized with the Yoast SEO plugin v27.4 - https:\/\/yoast.com\/product\/yoast-seo-wordpress\/ -->\n<title>Projekte - F\u00f6rderverein Klosterkirche Frauenaurach e.V.<\/title>\n<meta name=\"robots\" content=\"index, follow, max-snippet:-1, max-image-preview:large, max-video-preview:-1\" \/>\n<link rel=\"canonical\" href=\"https:\/\/www.klosterkirche-frauenaurach.de\/index.php\/projekte\/\" \/>\n<meta property=\"og:locale\" content=\"de_DE\" \/>\n<meta property=\"og:type\" content=\"article\" \/>\n<meta property=\"og:title\" content=\"Projekte - F\u00f6rderverein Klosterkirche Frauenaurach e.V.\" \/>\n<meta property=\"og:description\" content=\"Zur Erhaltung und Versch\u00f6nerung unserer Kirche gab es im Laufe der letzten Jahre folgende Projekte. Kirchenportal Renovierung und Konservierung des durch Umwelteinfl\u00fcsse stark verwitterten romanischen Kirchenportals Kronleuchter Anschaffung und Anbringen eines Kronleuchters nach einem Bild des 1704 gestifteten und leider sp\u00e4ter abhanden gekommenen. Anlegen des kleinen Apotheker-Klostergartens Dank einer Initiative des F\u00f6rdervereins wurde im Jahre &hellip; \u201eProjekte\u201c weiterlesen\" \/>\n<meta property=\"og:url\" content=\"https:\/\/www.klosterkirche-frauenaurach.de\/index.php\/projekte\/\" \/>\n<meta property=\"og:site_name\" content=\"F\u00f6rderverein Klosterkirche Frauenaurach e.V.\" \/>\n<meta property=\"article:modified_time\" content=\"2026-03-23T18:54:29+00:00\" \/>\n<meta property=\"og:image\" content=\"https:\/\/www.klosterkirche-frauenaurach.de\/wp-content\/uploads\/2026\/03\/klosterkirche-frauenaurach-portal-1920.jpg\" \/>\n\t<meta property=\"og:image:width\" content=\"1920\" \/>\n\t<meta property=\"og:image:height\" content=\"1440\" \/>\n\t<meta property=\"og:image:type\" content=\"image\/jpeg\" \/>\n<meta name=\"twitter:card\" content=\"summary_large_image\" \/>\n<meta name=\"twitter:label1\" content=\"Gesch\u00e4tzte Lesezeit\" \/>\n\t<meta name=\"twitter:data1\" content=\"1\u00a0Minute\" \/>\n<script type=\"application\/ld+json\" class=\"yoast-schema-graph\">{\"@context\":\"https:\\\/\\\/schema.org\",\"@graph\":[{\"@type\":\"WebPage\",\"@id\":\"https:\\\/\\\/www.klosterkirche-frauenaurach.de\\\/index.php\\\/projekte\\\/\",\"url\":\"https:\\\/\\\/www.klosterkirche-frauenaurach.de\\\/index.php\\\/projekte\\\/\",\"name\":\"Projekte - F\u00f6rderverein Klosterkirche Frauenaurach e.V.\",\"isPartOf\":{\"@id\":\"https:\\\/\\\/www.klosterkirche-frauenaurach.de\\\/#website\"},\"primaryImageOfPage\":{\"@id\":\"https:\\\/\\\/www.klosterkirche-frauenaurach.de\\\/index.php\\\/projekte\\\/#primaryimage\"},\"image\":{\"@id\":\"https:\\\/\\\/www.klosterkirche-frauenaurach.de\\\/index.php\\\/projekte\\\/#primaryimage\"},\"thumbnailUrl\":\"https:\\\/\\\/www.klosterkirche-frauenaurach.de\\\/wp-content\\\/uploads\\\/2026\\\/03\\\/klosterkirche-frauenaurach-portal-1920-1024x768.jpg\",\"datePublished\":\"2026-03-23T18:46:50+00:00\",\"dateModified\":\"2026-03-23T18:54:29+00:00\",\"breadcrumb\":{\"@id\":\"https:\\\/\\\/www.klosterkirche-frauenaurach.de\\\/index.php\\\/projekte\\\/#breadcrumb\"},\"inLanguage\":\"de\",\"potentialAction\":[{\"@type\":\"ReadAction\",\"target\":[\"https:\\\/\\\/www.klosterkirche-frauenaurach.de\\\/index.php\\\/projekte\\\/\"]}]},{\"@type\":\"ImageObject\",\"inLanguage\":\"de\",\"@id\":\"https:\\\/\\\/www.klosterkirche-frauenaurach.de\\\/index.php\\\/projekte\\\/#primaryimage\",\"url\":\"https:\\\/\\\/www.klosterkirche-frauenaurach.de\\\/wp-content\\\/uploads\\\/2026\\\/03\\\/klosterkirche-frauenaurach-portal-1920.jpg\",\"contentUrl\":\"https:\\\/\\\/www.klosterkirche-frauenaurach.de\\\/wp-content\\\/uploads\\\/2026\\\/03\\\/klosterkirche-frauenaurach-portal-1920.jpg\",\"width\":1920,\"height\":1440},{\"@type\":\"BreadcrumbList\",\"@id\":\"https:\\\/\\\/www.klosterkirche-frauenaurach.de\\\/index.php\\\/projekte\\\/#breadcrumb\",\"itemListElement\":[{\"@type\":\"ListItem\",\"position\":1,\"name\":\"Start\",\"item\":\"https:\\\/\\\/www.klosterkirche-frauenaurach.de\\\/\"},{\"@type\":\"ListItem\",\"position\":2,\"name\":\"Projekte\"}]},{\"@type\":\"WebSite\",\"@id\":\"https:\\\/\\\/www.klosterkirche-frauenaurach.de\\\/#website\",\"url\":\"https:\\\/\\\/www.klosterkirche-frauenaurach.de\\\/\",\"name\":\"F\u00f6rderverein Klosterkirche Frauenaurach e.V.\",\"description\":\"\",\"potentialAction\":[{\"@type\":\"SearchAction\",\"target\":{\"@type\":\"EntryPoint\",\"urlTemplate\":\"https:\\\/\\\/www.klosterkirche-frauenaurach.de\\\/?s={search_term_string}\"},\"query-input\":{\"@type\":\"PropertyValueSpecification\",\"valueRequired\":true,\"valueName\":\"search_term_string\"}}],\"inLanguage\":\"de\"}]}<\/script>\n<!-- \/ Yoast SEO plugin. -->","yoast_head_json":{"title":"Projekte - F\u00f6rderverein Klosterkirche Frauenaurach e.V.","robots":{"index":"index","follow":"follow","max-snippet":"max-snippet:-1","max-image-preview":"max-image-preview:large","max-video-preview":"max-video-preview:-1"},"canonical":"https:\/\/www.klosterkirche-frauenaurach.de\/index.php\/projekte\/","og_locale":"de_DE","og_type":"article","og_title":"Projekte - F\u00f6rderverein Klosterkirche Frauenaurach e.V.","og_description":"Zur Erhaltung und Versch\u00f6nerung unserer Kirche gab es im Laufe der letzten Jahre folgende Projekte. Kirchenportal Renovierung und Konservierung des durch Umwelteinfl\u00fcsse stark verwitterten romanischen Kirchenportals Kronleuchter Anschaffung und Anbringen eines Kronleuchters nach einem Bild des 1704 gestifteten und leider sp\u00e4ter abhanden gekommenen. Anlegen des kleinen Apotheker-Klostergartens Dank einer Initiative des F\u00f6rdervereins wurde im Jahre &hellip; \u201eProjekte\u201c weiterlesen","og_url":"https:\/\/www.klosterkirche-frauenaurach.de\/index.php\/projekte\/","og_site_name":"F\u00f6rderverein Klosterkirche Frauenaurach e.V.","article_modified_time":"2026-03-23T18:54:29+00:00","og_image":[{"width":1920,"height":1440,"url":"https:\/\/www.klosterkirche-frauenaurach.de\/wp-content\/uploads\/2026\/03\/klosterkirche-frauenaurach-portal-1920.jpg","type":"image\/jpeg"}],"twitter_card":"summary_large_image","twitter_misc":{"Gesch\u00e4tzte Lesezeit":"1\u00a0Minute"},"schema":{"@context":"https:\/\/schema.org","@graph":[{"@type":"WebPage","@id":"https:\/\/www.klosterkirche-frauenaurach.de\/index.php\/projekte\/","url":"https:\/\/www.klosterkirche-frauenaurach.de\/index.php\/projekte\/","name":"Projekte - F\u00f6rderverein Klosterkirche Frauenaurach e.V.","isPartOf":{"@id":"https:\/\/www.klosterkirche-frauenaurach.de\/#website"},"primaryImageOfPage":{"@id":"https:\/\/www.klosterkirche-frauenaurach.de\/index.php\/projekte\/#primaryimage"},"image":{"@id":"https:\/\/www.klosterkirche-frauenaurach.de\/index.php\/projekte\/#primaryimage"},"thumbnailUrl":"https:\/\/www.klosterkirche-frauenaurach.de\/wp-content\/uploads\/2026\/03\/klosterkirche-frauenaurach-portal-1920-1024x768.jpg","datePublished":"2026-03-23T18:46:50+00:00","dateModified":"2026-03-23T18:54:29+00:00","breadcrumb":{"@id":"https:\/\/www.klosterkirche-frauenaurach.de\/index.php\/projekte\/#breadcrumb"},"inLanguage":"de","potentialAction":[{"@type":"ReadAction","target":["https:\/\/www.klosterkirche-frauenaurach.de\/index.php\/projekte\/"]}]},{"@type":"ImageObject","inLanguage":"de","@id":"https:\/\/www.klosterkirche-frauenaurach.de\/index.php\/projekte\/#primaryimage","url":"https:\/\/www.klosterkirche-frauenaurach.de\/wp-content\/uploads\/2026\/03\/klosterkirche-frauenaurach-portal-1920.jpg","contentUrl":"https:\/\/www.klosterkirche-frauenaurach.de\/wp-content\/uploads\/2026\/03\/klosterkirche-frauenaurach-portal-1920.jpg","width":1920,"height":1440},{"@type":"BreadcrumbList","@id":"https:\/\/www.klosterkirche-frauenaurach.de\/index.php\/projekte\/#breadcrumb","itemListElement":[{"@type":"ListItem","position":1,"name":"Start","item":"https:\/\/www.klosterkirche-frauenaurach.de\/"},{"@type":"ListItem","position":2,"name":"Projekte"}]},{"@type":"WebSite","@id":"https:\/\/www.klosterkirche-frauenaurach.de\/#website","url":"https:\/\/www.klosterkirche-frauenaurach.de\/","name":"F\u00f6rderverein Klosterkirche Frauenaurach e.V.","description":"","potentialAction":[{"@type":"SearchAction","target":{"@type":"EntryPoint","urlTemplate":"https:\/\/www.klosterkirche-frauenaurach.de\/?s={search_term_string}"},"query-input":{"@type":"PropertyValueSpecification","valueRequired":true,"valueName":"search_term_string"}}],"inLanguage":"de"}]}},"_links":{"self":[{"href":"https:\/\/www.klosterkirche-frauenaurach.de\/index.php\/wp-json\/wp\/v2\/pages\/33","targetHints":{"allow":["GET"]}}],"collection":[{"href":"https:\/\/www.klosterkirche-frauenaurach.de\/index.php\/wp-json\/wp\/v2\/pages"}],"about":[{"href":"https:\/\/www.klosterkirche-frauenaurach.de\/index.php\/wp-json\/wp\/v2\/types\/page"}],"author":[{"embeddable":true,"href":"https:\/\/www.klosterkirche-frauenaurach.de\/index.php\/wp-json\/wp\/v2\/users\/1"}],"replies":[{"embeddable":true,"href":"https:\/\/www.klosterkirche-frauenaurach.de\/index.php\/wp-json\/wp\/v2\/comments?post=33"}],"version-history":[{"count":5,"href":"https:\/\/www.klosterkirche-frauenaurach.de\/index.php\/wp-json\/wp\/v2\/pages\/33\/revisions"}],"predecessor-version":[{"id":44,"href":"https:\/\/www.klosterkirche-frauenaurach.de\/index.php\/wp-json\/wp\/v2\/pages\/33\/revisions\/44"}],"wp:attachment":[{"href":"https:\/\/www.klosterkirche-frauenaurach.de\/index.php\/wp-json\/wp\/v2\/media?parent=33"}],"curies":[{"name":"wp","href":"https:\/\/api.w.org\/{rel}","templated":true}]}}