{"id":7,"date":"2026-03-02T21:31:39","date_gmt":"2026-03-02T21:31:39","guid":{"rendered":"https:\/\/www.klosterkirche-frauenaurach.de\/?page_id=7"},"modified":"2026-03-23T19:00:29","modified_gmt":"2026-03-23T19:00:29","slug":"7-2","status":"publish","type":"page","link":"https:\/\/www.klosterkirche-frauenaurach.de\/","title":{"rendered":""},"content":{"rendered":"\n<h2 class=\"wp-block-heading\">Herzlich willkommen beim F\u00f6rderverein der Klosterkirche Frauenaurach e.V.<\/h2>\n\n\n\n<p>In Zusammenarbeit mit der Kirchengemeinde m\u00f6chte der Verein die ehemalige Klosterkirche in Frauenaurach als Kulturgut erhalten und das umgebende Kirchengrundst\u00fcck unter\u00a0 Ber\u00fccksichtigung der historischen Bedeutung und des Denkmalschutzes pflegen, erhalten und gestalten.<\/p>\n\n\n\n<h3 class=\"wp-block-heading\">Der Verein will in Zusammenarbeit mit der Kirchengemeinde:<\/h3>\n\n\n\n<ul class=\"wp-block-list\">\n<li>Renovierungs- und Gestaltungsma\u00dfnahmen planen und finanzieren<\/li>\n\n\n\n<li>Veranstaltungen durchf\u00fchren<\/li>\n\n\n\n<li>Die Geschichte der Klosterkirche erforschen und bewahren<\/li>\n\n\n\n<li>Auf die Bedeutung der Klosterkirche f\u00fcr unseren Ort aufmerksam machen<\/li>\n<\/ul>\n\n\n\n<p><\/p>\n\n\n\n<p><em>Die Seite befindet sich aktuell im Umbau. Bitte verzeihen Sie, dass einige Inhalte momentan nicht verf\u00fcgbar sind. <\/em><\/p>\n","protected":false},"excerpt":{"rendered":"<p>Herzlich willkommen beim F\u00f6rderverein der Klosterkirche Frauenaurach e.V. In Zusammenarbeit mit der Kirchengemeinde m\u00f6chte der Verein die ehemalige Klosterkirche in Frauenaurach als Kulturgut erhalten und das umgebende Kirchengrundst\u00fcck unter\u00a0 Ber\u00fccksichtigung der historischen Bedeutung und des Denkmalschutzes pflegen, erhalten und gestalten. Der Verein will in Zusammenarbeit mit der Kirchengemeinde: Die Seite befindet sich aktuell im Umbau. &hellip; <\/p>\n<p class=\"link-more\"><a href=\"https:\/\/www.klosterkirche-frauenaurach.de\/\" class=\"more-link\"><span class=\"screen-reader-text\">\u201e\u201c <\/span>weiterlesen<\/a><\/p>\n","protected":false},"author":1,"featured_media":0,"parent":0,"menu_order":0,"comment_status":"closed","ping_status":"closed","template":"","meta":{"footnotes":""},"class_list":["post-7","page","type-page","status-publish","hentry"],"yoast_head":"<!-- This site is optimized with the Yoast SEO plugin v27.4 - https:\/\/yoast.com\/product\/yoast-seo-wordpress\/ -->\n<title>- F\u00f6rderverein Klosterkirche Frauenaurach e.V.<\/title>\n<meta name=\"robots\" content=\"index, follow, max-snippet:-1, max-image-preview:large, max-video-preview:-1\" \/>\n<link rel=\"canonical\" href=\"https:\/\/www.klosterkirche-frauenaurach.de\/\" \/>\n<meta property=\"og:locale\" content=\"de_DE\" \/>\n<meta property=\"og:type\" content=\"article\" \/>\n<meta property=\"og:title\" content=\"- F\u00f6rderverein Klosterkirche Frauenaurach e.V.\" \/>\n<meta property=\"og:description\" content=\"Herzlich willkommen beim F\u00f6rderverein der Klosterkirche Frauenaurach e.V. In Zusammenarbeit mit der Kirchengemeinde m\u00f6chte der Verein die ehemalige Klosterkirche in Frauenaurach als Kulturgut erhalten und das umgebende Kirchengrundst\u00fcck unter\u00a0 Ber\u00fccksichtigung der historischen Bedeutung und des Denkmalschutzes pflegen, erhalten und gestalten. Der Verein will in Zusammenarbeit mit der Kirchengemeinde: Die Seite befindet sich aktuell im Umbau. &hellip; \u201e\u201c weiterlesen\" \/>\n<meta property=\"og:url\" content=\"https:\/\/www.klosterkirche-frauenaurach.de\/\" \/>\n<meta property=\"og:site_name\" content=\"F\u00f6rderverein Klosterkirche Frauenaurach e.V.\" \/>\n<meta property=\"article:modified_time\" content=\"2026-03-23T19:00:29+00:00\" \/>\n<meta name=\"twitter:card\" content=\"summary_large_image\" \/>\n<script type=\"application\/ld+json\" class=\"yoast-schema-graph\">{\"@context\":\"https:\\\/\\\/schema.org\",\"@graph\":[{\"@type\":\"WebPage\",\"@id\":\"https:\\\/\\\/www.klosterkirche-frauenaurach.de\\\/\",\"url\":\"https:\\\/\\\/www.klosterkirche-frauenaurach.de\\\/\",\"name\":\"- F\u00f6rderverein Klosterkirche Frauenaurach e.V.\",\"isPartOf\":{\"@id\":\"https:\\\/\\\/www.klosterkirche-frauenaurach.de\\\/#website\"},\"datePublished\":\"2026-03-02T21:31:39+00:00\",\"dateModified\":\"2026-03-23T19:00:29+00:00\",\"inLanguage\":\"de\",\"potentialAction\":[{\"@type\":\"ReadAction\",\"target\":[\"https:\\\/\\\/www.klosterkirche-frauenaurach.de\\\/\"]}]},{\"@type\":\"WebSite\",\"@id\":\"https:\\\/\\\/www.klosterkirche-frauenaurach.de\\\/#website\",\"url\":\"https:\\\/\\\/www.klosterkirche-frauenaurach.de\\\/\",\"name\":\"F\u00f6rderverein Klosterkirche Frauenaurach e.V.\",\"description\":\"\",\"potentialAction\":[{\"@type\":\"SearchAction\",\"target\":{\"@type\":\"EntryPoint\",\"urlTemplate\":\"https:\\\/\\\/www.klosterkirche-frauenaurach.de\\\/?s={search_term_string}\"},\"query-input\":{\"@type\":\"PropertyValueSpecification\",\"valueRequired\":true,\"valueName\":\"search_term_string\"}}],\"inLanguage\":\"de\"}]}<\/script>\n<!-- \/ Yoast SEO plugin. -->","yoast_head_json":{"title":"- F\u00f6rderverein Klosterkirche Frauenaurach e.V.","robots":{"index":"index","follow":"follow","max-snippet":"max-snippet:-1","max-image-preview":"max-image-preview:large","max-video-preview":"max-video-preview:-1"},"canonical":"https:\/\/www.klosterkirche-frauenaurach.de\/","og_locale":"de_DE","og_type":"article","og_title":"- F\u00f6rderverein Klosterkirche Frauenaurach e.V.","og_description":"Herzlich willkommen beim F\u00f6rderverein der Klosterkirche Frauenaurach e.V. In Zusammenarbeit mit der Kirchengemeinde m\u00f6chte der Verein die ehemalige Klosterkirche in Frauenaurach als Kulturgut erhalten und das umgebende Kirchengrundst\u00fcck unter\u00a0 Ber\u00fccksichtigung der historischen Bedeutung und des Denkmalschutzes pflegen, erhalten und gestalten. Der Verein will in Zusammenarbeit mit der Kirchengemeinde: Die Seite befindet sich aktuell im Umbau. &hellip; \u201e\u201c weiterlesen","og_url":"https:\/\/www.klosterkirche-frauenaurach.de\/","og_site_name":"F\u00f6rderverein Klosterkirche Frauenaurach e.V.","article_modified_time":"2026-03-23T19:00:29+00:00","twitter_card":"summary_large_image","schema":{"@context":"https:\/\/schema.org","@graph":[{"@type":"WebPage","@id":"https:\/\/www.klosterkirche-frauenaurach.de\/","url":"https:\/\/www.klosterkirche-frauenaurach.de\/","name":"- F\u00f6rderverein Klosterkirche Frauenaurach e.V.","isPartOf":{"@id":"https:\/\/www.klosterkirche-frauenaurach.de\/#website"},"datePublished":"2026-03-02T21:31:39+00:00","dateModified":"2026-03-23T19:00:29+00:00","inLanguage":"de","potentialAction":[{"@type":"ReadAction","target":["https:\/\/www.klosterkirche-frauenaurach.de\/"]}]},{"@type":"WebSite","@id":"https:\/\/www.klosterkirche-frauenaurach.de\/#website","url":"https:\/\/www.klosterkirche-frauenaurach.de\/","name":"F\u00f6rderverein Klosterkirche Frauenaurach e.V.","description":"","potentialAction":[{"@type":"SearchAction","target":{"@type":"EntryPoint","urlTemplate":"https:\/\/www.klosterkirche-frauenaurach.de\/?s={search_term_string}"},"query-input":{"@type":"PropertyValueSpecification","valueRequired":true,"valueName":"search_term_string"}}],"inLanguage":"de"}]}},"_links":{"self":[{"href":"https:\/\/www.klosterkirche-frauenaurach.de\/index.php\/wp-json\/wp\/v2\/pages\/7","targetHints":{"allow":["GET"]}}],"collection":[{"href":"https:\/\/www.klosterkirche-frauenaurach.de\/index.php\/wp-json\/wp\/v2\/pages"}],"about":[{"href":"https:\/\/www.klosterkirche-frauenaurach.de\/index.php\/wp-json\/wp\/v2\/types\/page"}],"author":[{"embeddable":true,"href":"https:\/\/www.klosterkirche-frauenaurach.de\/index.php\/wp-json\/wp\/v2\/users\/1"}],"replies":[{"embeddable":true,"href":"https:\/\/www.klosterkirche-frauenaurach.de\/index.php\/wp-json\/wp\/v2\/comments?post=7"}],"version-history":[{"count":4,"href":"https:\/\/www.klosterkirche-frauenaurach.de\/index.php\/wp-json\/wp\/v2\/pages\/7\/revisions"}],"predecessor-version":[{"id":48,"href":"https:\/\/www.klosterkirche-frauenaurach.de\/index.php\/wp-json\/wp\/v2\/pages\/7\/revisions\/48"}],"wp:attachment":[{"href":"https:\/\/www.klosterkirche-frauenaurach.de\/index.php\/wp-json\/wp\/v2\/media?parent=7"}],"curies":[{"name":"wp","href":"https:\/\/api.w.org\/{rel}","templated":true}]}}